8?
6
What is the tens digit of 17649519?
1
What is the hundred thousands digit of 3164860?
1
What is the hundred thousands digit of 391322?
3
What is the hundreds digit of 1278371?
3
What is the tens digit of 890791?
9
What is the ten thousands digit of 9650453?
5
What is the tens digit of 595342?
4
What is the thousands digit of 183460?
3
What is the thousands digit of 8813066?
3
What is the units digit of 766185?
5
What is the thousands digit of 19486312?
6
What is the hundred thousands digit of 6817119?
8
What is the tens digit of 14815927?
2
What is the units digit of 129142?
2
What is the thousands digit of 5237762?
7
What is the units digit of 1501038?
8
What is the tens digit of 1496720?
2
What is the units digit of 1491912?
2
What is the hundreds digit of 2009548?
5
What is the tens digit of 4088503?
0
What is the units digit of 269553?
3
What is the hundred thousands digit of 767186?
7
What is the tens digit of 720362?
6
What is the units digit of 336559?
9
What is the hundreds digit of 1157643?
6
What is the millions digit of 1208913?
1
What is the units digit of 16194856?
6
What is the ten thousands digit of 24368789?
6
What is the hundred thousands digit of 8424784?
4
What is the tens digit of 21102?
0
What is the tens digit of 1102351?
5
What is the millions digit of 11267932?
1
What is the units digit of 302?
2
What is the ten thousands digit of 223090?
2
What is the tens digit of 2217599?
9
What is the thousands digit of 4214573?
4
What is the tens digit of 3063863?
6
What is the thousands digit of 911160?
1
What is the thousands digit of 3506677?
6
What is the hundreds digit of 5832486?
4
What is the hundred thousands digit of 1460943?
4
What is the thousands digit of 603753?
3
What is the ten thousands digit of 167721?
6
What is the tens digit of 12617075?
7
What is the tens digit of 25534473?
7
What is the tens digit of 7133303?
0
What is the tens digit of 1249837?
3
What is the tens digit of 200702?
0
What is the hundred thousands digit of 14548305?
5
What is the units digit of 2641888?
8
What is the units digit of 429155?
5
What is the thousands digit of 214503?
4
What is the ten thousands digit of 924447?
2
What is the millions digit of 3388387?
3
What is the tens digit of 308645?
4
What is the ten thousands digit of 293429?
9
What is the thousands digit of 21773286?
3
What is the tens digit of 344897?
9
What is the millions digit of 1020779?
1
What is the millions digit of 2336536?
2
What is the tens digit of 81607?
0
What is the hundreds digit of 104581?
5
What is the ten thousands digit of 520265?
2
What is the ten thousands digit of 33660154?
6
What is the thousands digit of 317250?
7
What is the ten millions digit of 34236671?
3
What is the ten thousands digit of 36192649?
9
What is the tens digit of 1032077?
7
What is the hundreds digit of 676135?
1
What is the tens digit of 3280991?
9
What is the hundreds digit of 646649?
6
What is the hundred thousands digit of 110041?
1
What is the hundred thousands digit of 3726392?
7
What is the hundreds digit of 8509221?
2
What is the hundreds digit of 336845?
8
What is the ten thousands digit of 3775189?
7
What is the hundreds digit of 283651?
6
What is the millions digit of 7021016?
7
What is the hundred thousands digit of 147591?
1
What is the units digit of 4628342?
2
What is the ten thousands digit of 4553640?
5
What is the millions digit of 2771553?
2
What is the hundred thousands digit of 8288320?
2
What is the ten thousands digit of 67050?
6
What is the ten thousands digit of 1886679?
8
What is the hundred thousands digit of 956299?
9
What is the thousands digit of 1813401?
3
What is the ten thousands digit of 15416446?
1
What is the hundreds digit of 1003688?
6
What is the hundred thousands digit of 301761?
3
What is the tens digit of 1126925?
2
What is the hundreds digit of 740121?
1
What is the hundred thousands digit of 20193826?
1
What is the thousands digit of 179867?
9
What is the thousands digit of 82494?
2
What is the ten thousands digit of 259767?
5
What is the tens digit of 873410?
1
What is the hundreds digit of 25764?
7
What is the hundreds digit of 9604956?
9
What is the ten thousands digit of 702101?
0
What is the units digit of 304135?
5
What is the thousands digit of 86977?
6
What is the thousands digit of 6971358?
1
What is the hundreds digit of 225990?
9
What is the units digit of 5081134?
4
What is the ten thousands digit of 139102?
3
What is the units digit of 17280?
0
What is the hundreds digit of 1671112?
1
What is the ten thousands digit of 5313025?
1
What is the units digit of 192545?
5
What is the hundreds digit of 9818999?
9
What is the units digit of 623017?
7
What is the units digit of 164382?
2
What is the tens digit of 18035?
3
What is the thousands digit of 5902298?
2
What is the tens digit of 28423067?
6
What is the thousands digit of 228416?
8
What is the ten thousands digit of 149107?
4
What is the hundreds digit of 67707?
7
What is the units digit of 2301751?
1
What is the ten thousands digit of 283793?
8
What is the hundreds digit of 2753673?
6
What is the hundred thousands digit of 595865?
5
What is the thousands digit of 644714?
4
What is the hundred thousands digit of 255881?
2
What is the thousands digit of 616351?
6
What is the units digit of 8188?
8
What is the ten thousands digit of 245166?
4
What is the thousands digit of 81496?
1
What is the hundreds digit of 2445784?
7
What is the hundreds digit of 179237?
2
What is the units digit of 110090?
0
What is the hundreds digit of 7118229?
2
What is the units digit of 137808?
8
What is the hundreds digit of 633758?
7
What is the thousands digit of 366914?
6
What is the ten millions digit of 16998849?
1
What is the hundred thousands digit of 7847253?
8
What is the ten thousands digit of 836114?
3
What is the hundreds digit of 8659826?
8
What is the ten thousands digit of 627859?
2
What is the hundreds digit of 1836345?
3
What is the ten thousands digit of 6049013?
4
What is the thousands digit of 1342144?
2
What is the tens digit of 395374?
7
What is the units digit of 1649246?
6
What is the ten thousands digit of 364420?
6
What is the tens digit of 547765?
6
What is the hundreds digit of 3949732?
7
What is the thousands digit of 12435765?
5
What is the millions digit of 20879431?
0
What is the units digit of 242574?
4
What is the hundreds digit of 388179?
1
What is the thousands digit of 3943473?
3
What is the ten thousands digit of 20306023?
0
What is the thousands digit of 778401?
8
What is the thousands digit of 336127?
6
What is the ten millions digit of 20513173?
2
What is the hundred thousands digit of 1081493?
0
What is the hundred thousands digit of 9045677?
0
What is the tens digit of 1399820?
2
What is the thousands digit of 226867?
6
What is the thousands digit of 4512497?
2
What is the units digit of 166033?
3
What is the units digit of 1333800?
0
What is the tens digit of 821370?
7
What is the ten thousands digit of 16803950?
0
What is the thousands digit of 257058?
7
What is the millions digit of 13755155?
3
What is the tens digit of 6560514?
1
What is the tens digit of 5399?
9
What is the hundreds digit of 572143?
1
What is the thousands digit of 379209?
9
What is the hundreds digit of 821449?
4
What is the thousands digit of 3534042?
4
What is the tens digit of 604552?
5
What is the ten thousands digit of 517157?
1
What is the ten thousands digit of 2362154?
6
What is the thousands digit of 1316843?
6
What is the tens digit of 2869299?
9
What is the thousands digit of 874905?
4
What is the thousands digit of 11029947?
9
What is the thousands digit of 6766608?
6
What is the ten thousands digit of 6247125?
4
What is the units digit of 744297?
7
What is the units digit of 1199171?
1
What is the hundred thousands digit of 1281743?
2
What is the hundreds digit of 154036?
0
What is the hundred thousands digit of 34259253?
2
What is the hundred thousands digit of 5958596?
9
What is the units digit of 359772?
2
What is the hundred thousands digit of 5580391?
5
What is the hundreds digit of 1722284?
2
What is the hundreds digit of 6926187?
1
What is the thousands digit of 514332?
4
What is the hundred thousands digit of 192210?
1
What is the hundreds digit of 5179871?
